
{"id":28354,"date":"2026-03-01T17:42:59","date_gmt":"2026-03-01T20:42:59","guid":{"rendered":"https:\/\/foxcheats.com.br\/home\/?post_type=product&#038;p=28354"},"modified":"2026-04-08T20:43:59","modified_gmt":"2026-04-08T23:43:59","slug":"battlefiled-6","status":"publish","type":"product","link":"https:\/\/foxcheats.com.br\/home\/product\/battlefiled-6\/","title":{"rendered":"Battlefiled 6"},"content":{"rendered":"\t\t<div data-elementor-type=\"wp-post\" data-elementor-id=\"28354\" class=\"elementor elementor-28354\">\n\t\t\t\t\t\t<section class=\"elementor-section elementor-top-section elementor-element elementor-element-ec46f24 elementor-section-boxed elementor-section-height-default elementor-section-height-default\" data-id=\"ec46f24\" data-element_type=\"section\" data-e-type=\"section\" data-settings=\"{&quot;wdt_bg_image&quot;:{&quot;url&quot;:&quot;&quot;,&quot;id&quot;:&quot;&quot;,&quot;size&quot;:&quot;&quot;},&quot;wdt_bg_image_laptop&quot;:{&quot;url&quot;:&quot;&quot;,&quot;id&quot;:&quot;&quot;,&quot;size&quot;:&quot;&quot;},&quot;wdt_bg_image_tablet_extra&quot;:{&quot;url&quot;:&quot;&quot;,&quot;id&quot;:&quot;&quot;,&quot;size&quot;:&quot;&quot;},&quot;wdt_bg_image_tablet&quot;:{&quot;url&quot;:&quot;&quot;,&quot;id&quot;:&quot;&quot;,&quot;size&quot;:&quot;&quot;},&quot;wdt_bg_image_mobile_extra&quot;:{&quot;url&quot;:&quot;&quot;,&quot;id&quot;:&quot;&quot;,&quot;size&quot;:&quot;&quot;},&quot;wdt_bg_image_mobile&quot;:{&quot;url&quot;:&quot;&quot;,&quot;id&quot;:&quot;&quot;,&quot;size&quot;:&quot;&quot;},&quot;wdt_bg_position&quot;:&quot;center center&quot;,&quot;wdt_animation_effect&quot;:&quot;none&quot;}\">\n\t\t\t\t\t\t<div class=\"elementor-container elementor-column-gap-no\">\n\t\t\t\t\t<div class=\"elementor-column elementor-col-50 elementor-top-column elementor-element elementor-element-b215d83\" data-id=\"b215d83\" data-element_type=\"column\" data-e-type=\"column\">\n\t\t\t<div class=\"elementor-widget-wrap elementor-element-populated\">\n\t\t\t\t\t\t<div class=\"elementor-element elementor-element-f1089e4 elementor-widget elementor-widget-wdt-shop-product-single-images-carousel\" data-id=\"f1089e4\" data-element_type=\"widget\" data-e-type=\"widget\" data-settings=\"{&quot;wdt_animation_effect&quot;:&quot;none&quot;}\" data-widget_type=\"wdt-shop-product-single-images-carousel.default\">\n\t\t\t\t<div class=\"elementor-widget-container\">\n\t\t\t\t\tPlease provide product id to display corresponding data!\t\t\t\t<\/div>\n\t\t\t\t<\/div>\n\t\t\t\t\t<\/div>\n\t\t<\/div>\n\t\t\t\t<div class=\"wdt-sticky-column elementor-column elementor-col-50 elementor-top-column elementor-element elementor-element-6b3cc59\" data-wdt-settings=\"{&quot;id&quot;:&quot;6b3cc59&quot;,&quot;sticky&quot;:true,&quot;topSpacing&quot;:50,&quot;bottomSpacing&quot;:50,&quot;stickyOn&quot;:[&quot;desktop&quot;,&quot;laptop&quot;,&quot;tablet_extra&quot;],&quot;overflowHidden&quot;:false}\" data-id=\"6b3cc59\" data-element_type=\"column\" data-e-type=\"column\">\n\t\t\t<div class=\"elementor-widget-wrap elementor-element-populated\">\n\t\t\t\t\t\t<div class=\"elementor-element elementor-element-3249257 elementor-widget__width-initial elementor-widget-laptop__width-inherit elementor-widget elementor-widget-wdt-shop-product-single-summary\" data-id=\"3249257\" data-element_type=\"widget\" data-e-type=\"widget\" data-settings=\"{&quot;wdt_animation_effect&quot;:&quot;none&quot;}\" data-widget_type=\"wdt-shop-product-single-summary.default\">\n\t\t\t\t<div class=\"elementor-widget-container\">\n\t\t\t\t\tPlease provide product id to display corresponding data!\t\t\t\t<\/div>\n\t\t\t\t<\/div>\n\t\t\t\t\t<\/div>\n\t\t<\/div>\n\t\t\t\t\t<\/div>\n\t\t<\/section>\n\t\t\t\t<section class=\"elementor-section elementor-top-section elementor-element elementor-element-75745c2 elementor-section-boxed elementor-section-height-default elementor-section-height-default\" data-id=\"75745c2\" data-element_type=\"section\" data-e-type=\"section\" data-settings=\"{&quot;wdt_bg_image&quot;:{&quot;url&quot;:&quot;&quot;,&quot;id&quot;:&quot;&quot;,&quot;size&quot;:&quot;&quot;},&quot;wdt_bg_image_laptop&quot;:{&quot;url&quot;:&quot;&quot;,&quot;id&quot;:&quot;&quot;,&quot;size&quot;:&quot;&quot;},&quot;wdt_bg_image_tablet_extra&quot;:{&quot;url&quot;:&quot;&quot;,&quot;id&quot;:&quot;&quot;,&quot;size&quot;:&quot;&quot;},&quot;wdt_bg_image_tablet&quot;:{&quot;url&quot;:&quot;&quot;,&quot;id&quot;:&quot;&quot;,&quot;size&quot;:&quot;&quot;},&quot;wdt_bg_image_mobile_extra&quot;:{&quot;url&quot;:&quot;&quot;,&quot;id&quot;:&quot;&quot;,&quot;size&quot;:&quot;&quot;},&quot;wdt_bg_image_mobile&quot;:{&quot;url&quot;:&quot;&quot;,&quot;id&quot;:&quot;&quot;,&quot;size&quot;:&quot;&quot;},&quot;wdt_bg_position&quot;:&quot;center center&quot;,&quot;wdt_animation_effect&quot;:&quot;none&quot;}\">\n\t\t\t\t\t\t<div class=\"elementor-container elementor-column-gap-no\">\n\t\t\t\t\t<div class=\"elementor-column elementor-col-100 elementor-top-column elementor-element elementor-element-70e2c97\" data-id=\"70e2c97\" data-element_type=\"column\" data-e-type=\"column\">\n\t\t\t<div class=\"elementor-widget-wrap elementor-element-populated\">\n\t\t\t\t\t\t<section class=\"elementor-section elementor-inner-section elementor-element elementor-element-872efb8 elementor-section-full_width elementor-section-height-default elementor-section-height-default\" data-id=\"872efb8\" data-element_type=\"section\" data-e-type=\"section\" data-settings=\"{&quot;background_background&quot;:&quot;classic&quot;,&quot;wdt_bg_image&quot;:{&quot;url&quot;:&quot;&quot;,&quot;id&quot;:&quot;&quot;,&quot;size&quot;:&quot;&quot;},&quot;wdt_bg_image_laptop&quot;:{&quot;url&quot;:&quot;&quot;,&quot;id&quot;:&quot;&quot;,&quot;size&quot;:&quot;&quot;},&quot;wdt_bg_image_tablet_extra&quot;:{&quot;url&quot;:&quot;&quot;,&quot;id&quot;:&quot;&quot;,&quot;size&quot;:&quot;&quot;},&quot;wdt_bg_image_tablet&quot;:{&quot;url&quot;:&quot;&quot;,&quot;id&quot;:&quot;&quot;,&quot;size&quot;:&quot;&quot;},&quot;wdt_bg_image_mobile_extra&quot;:{&quot;url&quot;:&quot;&quot;,&quot;id&quot;:&quot;&quot;,&quot;size&quot;:&quot;&quot;},&quot;wdt_bg_image_mobile&quot;:{&quot;url&quot;:&quot;&quot;,&quot;id&quot;:&quot;&quot;,&quot;size&quot;:&quot;&quot;},&quot;wdt_bg_position&quot;:&quot;center center&quot;,&quot;wdt_animation_effect&quot;:&quot;none&quot;}\">\n\t\t\t\t\t\t<div class=\"elementor-container elementor-column-gap-no\">\n\t\t\t\t\t<div class=\"elementor-column elementor-col-50 elementor-inner-column elementor-element elementor-element-6514b06\" data-id=\"6514b06\" data-element_type=\"column\" data-e-type=\"column\" data-settings=\"{&quot;background_background&quot;:&quot;classic&quot;}\">\n\t\t\t<div class=\"elementor-widget-wrap elementor-element-populated\">\n\t\t\t\t\t\t<div class=\"elementor-element elementor-element-939b519 elementor-widget__width-initial elementor-widget elementor-widget-wdt-shop-product-single-tabs-exploded\" data-id=\"939b519\" data-element_type=\"widget\" data-e-type=\"widget\" data-settings=\"{&quot;wdt_animation_effect&quot;:&quot;none&quot;}\" data-widget_type=\"wdt-shop-product-single-tabs-exploded.default\">\n\t\t\t\t<div class=\"elementor-widget-container\">\n\t\t\t\t\tPlease provide product id to display corresponding data!\t\t\t\t<\/div>\n\t\t\t\t<\/div>\n\t\t\t\t\t<\/div>\n\t\t<\/div>\n\t\t\t\t<div class=\"elementor-column elementor-col-50 elementor-inner-column elementor-element elementor-element-ba36903\" data-id=\"ba36903\" data-element_type=\"column\" data-e-type=\"column\" data-settings=\"{&quot;background_background&quot;:&quot;classic&quot;}\">\n\t\t\t<div class=\"elementor-widget-wrap elementor-element-populated\">\n\t\t\t\t\t\t<div class=\"elementor-element elementor-element-8e2f8f4 elementor-widget__width-initial elementor-widget elementor-widget-wdt-shop-product-single-additional-tabs-exploded\" data-id=\"8e2f8f4\" data-element_type=\"widget\" data-e-type=\"widget\" data-settings=\"{&quot;wdt_animation_effect&quot;:&quot;none&quot;}\" data-widget_type=\"wdt-shop-product-single-additional-tabs-exploded.default\">\n\t\t\t\t<div class=\"elementor-widget-container\">\n\t\t\t\t\tPlease provide product id to display corresponding data!\t\t\t\t<\/div>\n\t\t\t\t<\/div>\n\t\t\t\t\t<\/div>\n\t\t<\/div>\n\t\t\t\t\t<\/div>\n\t\t<\/section>\n\t\t\t\t\t<\/div>\n\t\t<\/div>\n\t\t\t\t\t<\/div>\n\t\t<\/section>\n\t\t\t\t<\/div>\n\t\t","protected":false},"excerpt":{"rendered":"<div id=\"model-response-message-contentr_8f0e364e25a15f28\" class=\"markdown markdown-main-panel stronger enable-updated-hr-color\" dir=\"ltr\" aria-live=\"polite\" aria-busy=\"false\">\n<div id=\"model-response-message-contentr_4efd2d711d088432\" class=\"markdown markdown-main-panel stronger enable-updated-hr-color\" dir=\"ltr\" aria-live=\"polite\" aria-busy=\"false\">\n<p data-path-to-node=\"0\">\ud83c\udfaf <b data-path-to-node=\"0\" data-index-in-node=\"3\">Domine o Battlefield 6 com Seguran\u00e7a Total!<\/b><\/p>\n<p data-path-to-node=\"1\">Eleve seu n\u00edvel no <b>Battlefield 6, seja no RedSec ou nos seus servidores <\/b>com o software <b data-path-to-node=\"1\" data-index-in-node=\"56\">100% EXTERNO<\/b> mais seguro do mercado. Desfrute de um <b data-path-to-node=\"1\" data-index-in-node=\"108\">Aimbot Humanizado<\/b> (Smooth) e um <b data-path-to-node=\"1\" data-index-in-node=\"144\">ESP Completo<\/b>\u00a0 sem comprometer sua conta principal.<\/p>\n<ul data-path-to-node=\"2\">\n<li>\n<p data-path-to-node=\"2,0,0\">\ud83d\udee1\ufe0f <b data-path-to-node=\"2,0,0\" data-index-in-node=\"4\">Indetect\u00e1vel:<\/b> Sistema externo (Zero Bans no Battlefield 6).<\/p>\n<\/li>\n<li>\n<p data-path-to-node=\"2,1,0\">\ud83d\udcbb <b data-path-to-node=\"2,1,0\" data-index-in-node=\"3\">Compat\u00edvel:<\/b> Windows 10 e 11.<\/p>\n<\/li>\n<li>\n<p data-path-to-node=\"2,2,0\">\ud83d\ude80 <b data-path-to-node=\"2,2,0\" data-index-in-node=\"3\">Performance:<\/b> Leve e n\u00e3o drena seu FPS.<\/p>\n<\/li>\n<li>\n<p data-path-to-node=\"2,3,0\">\u26a1 <b data-path-to-node=\"2,3,0\" data-index-in-node=\"2\">Entrega:<\/b> Instant\u00e2nea e autom\u00e1tica.<\/p>\n<\/li>\n<\/ul>\n<p data-path-to-node=\"3\"><b data-path-to-node=\"3\" data-index-in-node=\"0\">Jogue como um profissional. Discreto, seguro e imbat\u00edvel.<\/b><\/p>\n<\/div>\n<\/div>\n","protected":false},"featured_media":28358,"template":"","meta":[],"product_brand":[],"product_cat":[157],"product_tag":[101,159,161,160,107],"class_list":{"0":"post-28354","1":"product","2":"type-product","3":"status-publish","4":"has-post-thumbnail","6":"product_cat-battlefield-6","7":"product_tag-aimbot","8":"product_tag-battlefield-6","9":"product_tag-bf6-cheat","10":"product_tag-bf6-hack","11":"product_tag-esp","14":"instock","15":"shipping-taxable","16":"purchasable","17":"product-type-variable","18":"product-grid-view"},"yoast_head":"<!-- This site is optimized with the Yoast SEO plugin v27.2 - https:\/\/yoast.com\/product\/yoast-seo-wordpress\/ -->\n<title>Battlefiled 6 - FoxCheats<\/title>\n<meta name=\"robots\" content=\"index, follow, max-snippet:-1, max-image-preview:large, max-video-preview:-1\" \/>\n<link rel=\"canonical\" href=\"https:\/\/foxcheats.com.br\/home\/product\/battlefiled-6\/\" \/>\n<meta property=\"og:locale\" content=\"pt_BR\" \/>\n<meta property=\"og:type\" content=\"article\" \/>\n<meta property=\"og:title\" content=\"Battlefiled 6 - FoxCheats\" \/>\n<meta property=\"og:description\" content=\"\ud83c\udfaf Domine o Battlefield 6 com Seguran\u00e7a Total! Eleve seu n\u00edvel no Battlefield 6, seja no RedSec ou nos seus servidores com o software 100% EXTERNO mais seguro do mercado. Desfrute de um Aimbot Humanizado (Smooth) e um ESP Completo\u00a0 sem comprometer sua conta principal.     \ud83d\udee1\ufe0f Indetect\u00e1vel: Sistema externo (Zero Bans no Battlefield 6).    \ud83d\udcbb Compat\u00edvel: Windows 10 e 11.    \ud83d\ude80 Performance: Leve e n\u00e3o drena seu FPS.    \u26a1 Entrega: Instant\u00e2nea e autom\u00e1tica.   Jogue como um profissional. Discreto, seguro e imbat\u00edvel.\" \/>\n<meta property=\"og:url\" content=\"https:\/\/foxcheats.com.br\/home\/product\/battlefiled-6\/\" \/>\n<meta property=\"og:site_name\" content=\"FoxCheats\" \/>\n<meta property=\"article:publisher\" content=\"https:\/\/www.facebook.com\/FoxCheats2022\" \/>\n<meta property=\"article:modified_time\" content=\"2026-04-08T23:43:59+00:00\" \/>\n<meta property=\"og:image\" content=\"https:\/\/foxcheats.com.br\/home\/wp-content\/uploads\/2026\/03\/bf6.png\" \/>\n\t<meta property=\"og:image:width\" content=\"500\" \/>\n\t<meta property=\"og:image:height\" content=\"600\" \/>\n\t<meta property=\"og:image:type\" content=\"image\/png\" \/>\n<meta name=\"twitter:card\" content=\"summary_large_image\" \/>\n<meta name=\"twitter:label1\" content=\"Est. tempo de leitura\" \/>\n\t<meta name=\"twitter:data1\" content=\"1 minuto\" \/>\n<script type=\"application\/ld+json\" class=\"yoast-schema-graph\">{\"@context\":\"https:\/\/schema.org\",\"@graph\":[{\"@type\":\"WebPage\",\"@id\":\"https:\/\/foxcheats.com.br\/home\/product\/battlefiled-6\/\",\"url\":\"https:\/\/foxcheats.com.br\/home\/product\/battlefiled-6\/\",\"name\":\"Battlefiled 6 - FoxCheats\",\"isPartOf\":{\"@id\":\"https:\/\/foxcheats.com.br\/home\/#website\"},\"primaryImageOfPage\":{\"@id\":\"https:\/\/foxcheats.com.br\/home\/product\/battlefiled-6\/#primaryimage\"},\"image\":{\"@id\":\"https:\/\/foxcheats.com.br\/home\/product\/battlefiled-6\/#primaryimage\"},\"thumbnailUrl\":\"https:\/\/foxcheats.com.br\/home\/wp-content\/uploads\/2026\/03\/bf6.png\",\"datePublished\":\"2026-03-01T20:42:59+00:00\",\"dateModified\":\"2026-04-08T23:43:59+00:00\",\"breadcrumb\":{\"@id\":\"https:\/\/foxcheats.com.br\/home\/product\/battlefiled-6\/#breadcrumb\"},\"inLanguage\":\"pt-BR\",\"potentialAction\":[{\"@type\":\"ReadAction\",\"target\":[\"https:\/\/foxcheats.com.br\/home\/product\/battlefiled-6\/\"]}]},{\"@type\":\"ImageObject\",\"inLanguage\":\"pt-BR\",\"@id\":\"https:\/\/foxcheats.com.br\/home\/product\/battlefiled-6\/#primaryimage\",\"url\":\"https:\/\/foxcheats.com.br\/home\/wp-content\/uploads\/2026\/03\/bf6.png\",\"contentUrl\":\"https:\/\/foxcheats.com.br\/home\/wp-content\/uploads\/2026\/03\/bf6.png\",\"width\":500,\"height\":600},{\"@type\":\"BreadcrumbList\",\"@id\":\"https:\/\/foxcheats.com.br\/home\/product\/battlefiled-6\/#breadcrumb\",\"itemListElement\":[{\"@type\":\"ListItem\",\"position\":1,\"name\":\"In\u00edcio\",\"item\":\"https:\/\/foxcheats.com.br\/home\/\"},{\"@type\":\"ListItem\",\"position\":2,\"name\":\"Loja\",\"item\":\"https:\/\/foxcheats.com.br\/home\/shop\/\"},{\"@type\":\"ListItem\",\"position\":3,\"name\":\"Battlefiled 6\"}]},{\"@type\":\"WebSite\",\"@id\":\"https:\/\/foxcheats.com.br\/home\/#website\",\"url\":\"https:\/\/foxcheats.com.br\/home\/\",\"name\":\"FoxCheats\",\"description\":\"Os melhores conte\u00fados\",\"publisher\":{\"@id\":\"https:\/\/foxcheats.com.br\/home\/#organization\"},\"potentialAction\":[{\"@type\":\"SearchAction\",\"target\":{\"@type\":\"EntryPoint\",\"urlTemplate\":\"https:\/\/foxcheats.com.br\/home\/?s={search_term_string}\"},\"query-input\":{\"@type\":\"PropertyValueSpecification\",\"valueRequired\":true,\"valueName\":\"search_term_string\"}}],\"inLanguage\":\"pt-BR\"},{\"@type\":\"Organization\",\"@id\":\"https:\/\/foxcheats.com.br\/home\/#organization\",\"name\":\"FoxCheats\",\"url\":\"https:\/\/foxcheats.com.br\/home\/\",\"logo\":{\"@type\":\"ImageObject\",\"inLanguage\":\"pt-BR\",\"@id\":\"https:\/\/foxcheats.com.br\/home\/#\/schema\/logo\/image\/\",\"url\":\"https:\/\/foxcheats.com.br\/home\/wp-content\/uploads\/2024\/11\/teste-logo-2.png\",\"contentUrl\":\"https:\/\/foxcheats.com.br\/home\/wp-content\/uploads\/2024\/11\/teste-logo-2.png\",\"width\":800,\"height\":200,\"caption\":\"FoxCheats\"},\"image\":{\"@id\":\"https:\/\/foxcheats.com.br\/home\/#\/schema\/logo\/image\/\"},\"sameAs\":[\"https:\/\/www.facebook.com\/FoxCheats2022\",\"https:\/\/instagram.com\/foxcheetos\"]}]}<\/script>\n<!-- \/ Yoast SEO plugin. -->","yoast_head_json":{"title":"Battlefiled 6 - FoxCheats","robots":{"index":"index","follow":"follow","max-snippet":"max-snippet:-1","max-image-preview":"max-image-preview:large","max-video-preview":"max-video-preview:-1"},"canonical":"https:\/\/foxcheats.com.br\/home\/product\/battlefiled-6\/","og_locale":"pt_BR","og_type":"article","og_title":"Battlefiled 6 - FoxCheats","og_description":"\ud83c\udfaf Domine o Battlefield 6 com Seguran\u00e7a Total! Eleve seu n\u00edvel no Battlefield 6, seja no RedSec ou nos seus servidores com o software 100% EXTERNO mais seguro do mercado. Desfrute de um Aimbot Humanizado (Smooth) e um ESP Completo\u00a0 sem comprometer sua conta principal.     \ud83d\udee1\ufe0f Indetect\u00e1vel: Sistema externo (Zero Bans no Battlefield 6).    \ud83d\udcbb Compat\u00edvel: Windows 10 e 11.    \ud83d\ude80 Performance: Leve e n\u00e3o drena seu FPS.    \u26a1 Entrega: Instant\u00e2nea e autom\u00e1tica.   Jogue como um profissional. Discreto, seguro e imbat\u00edvel.","og_url":"https:\/\/foxcheats.com.br\/home\/product\/battlefiled-6\/","og_site_name":"FoxCheats","article_publisher":"https:\/\/www.facebook.com\/FoxCheats2022","article_modified_time":"2026-04-08T23:43:59+00:00","og_image":[{"width":500,"height":600,"url":"https:\/\/foxcheats.com.br\/home\/wp-content\/uploads\/2026\/03\/bf6.png","type":"image\/png"}],"twitter_card":"summary_large_image","twitter_misc":{"Est. tempo de leitura":"1 minuto"},"schema":{"@context":"https:\/\/schema.org","@graph":[{"@type":"WebPage","@id":"https:\/\/foxcheats.com.br\/home\/product\/battlefiled-6\/","url":"https:\/\/foxcheats.com.br\/home\/product\/battlefiled-6\/","name":"Battlefiled 6 - FoxCheats","isPartOf":{"@id":"https:\/\/foxcheats.com.br\/home\/#website"},"primaryImageOfPage":{"@id":"https:\/\/foxcheats.com.br\/home\/product\/battlefiled-6\/#primaryimage"},"image":{"@id":"https:\/\/foxcheats.com.br\/home\/product\/battlefiled-6\/#primaryimage"},"thumbnailUrl":"https:\/\/foxcheats.com.br\/home\/wp-content\/uploads\/2026\/03\/bf6.png","datePublished":"2026-03-01T20:42:59+00:00","dateModified":"2026-04-08T23:43:59+00:00","breadcrumb":{"@id":"https:\/\/foxcheats.com.br\/home\/product\/battlefiled-6\/#breadcrumb"},"inLanguage":"pt-BR","potentialAction":[{"@type":"ReadAction","target":["https:\/\/foxcheats.com.br\/home\/product\/battlefiled-6\/"]}]},{"@type":"ImageObject","inLanguage":"pt-BR","@id":"https:\/\/foxcheats.com.br\/home\/product\/battlefiled-6\/#primaryimage","url":"https:\/\/foxcheats.com.br\/home\/wp-content\/uploads\/2026\/03\/bf6.png","contentUrl":"https:\/\/foxcheats.com.br\/home\/wp-content\/uploads\/2026\/03\/bf6.png","width":500,"height":600},{"@type":"BreadcrumbList","@id":"https:\/\/foxcheats.com.br\/home\/product\/battlefiled-6\/#breadcrumb","itemListElement":[{"@type":"ListItem","position":1,"name":"In\u00edcio","item":"https:\/\/foxcheats.com.br\/home\/"},{"@type":"ListItem","position":2,"name":"Loja","item":"https:\/\/foxcheats.com.br\/home\/shop\/"},{"@type":"ListItem","position":3,"name":"Battlefiled 6"}]},{"@type":"WebSite","@id":"https:\/\/foxcheats.com.br\/home\/#website","url":"https:\/\/foxcheats.com.br\/home\/","name":"FoxCheats","description":"Os melhores conte\u00fados","publisher":{"@id":"https:\/\/foxcheats.com.br\/home\/#organization"},"potentialAction":[{"@type":"SearchAction","target":{"@type":"EntryPoint","urlTemplate":"https:\/\/foxcheats.com.br\/home\/?s={search_term_string}"},"query-input":{"@type":"PropertyValueSpecification","valueRequired":true,"valueName":"search_term_string"}}],"inLanguage":"pt-BR"},{"@type":"Organization","@id":"https:\/\/foxcheats.com.br\/home\/#organization","name":"FoxCheats","url":"https:\/\/foxcheats.com.br\/home\/","logo":{"@type":"ImageObject","inLanguage":"pt-BR","@id":"https:\/\/foxcheats.com.br\/home\/#\/schema\/logo\/image\/","url":"https:\/\/foxcheats.com.br\/home\/wp-content\/uploads\/2024\/11\/teste-logo-2.png","contentUrl":"https:\/\/foxcheats.com.br\/home\/wp-content\/uploads\/2024\/11\/teste-logo-2.png","width":800,"height":200,"caption":"FoxCheats"},"image":{"@id":"https:\/\/foxcheats.com.br\/home\/#\/schema\/logo\/image\/"},"sameAs":["https:\/\/www.facebook.com\/FoxCheats2022","https:\/\/instagram.com\/foxcheetos"]}]}},"_links":{"self":[{"href":"https:\/\/foxcheats.com.br\/home\/wp-json\/wp\/v2\/product\/28354","targetHints":{"allow":["GET"]}}],"collection":[{"href":"https:\/\/foxcheats.com.br\/home\/wp-json\/wp\/v2\/product"}],"about":[{"href":"https:\/\/foxcheats.com.br\/home\/wp-json\/wp\/v2\/types\/product"}],"version-history":[{"count":3,"href":"https:\/\/foxcheats.com.br\/home\/wp-json\/wp\/v2\/product\/28354\/revisions"}],"predecessor-version":[{"id":28643,"href":"https:\/\/foxcheats.com.br\/home\/wp-json\/wp\/v2\/product\/28354\/revisions\/28643"}],"wp:featuredmedia":[{"embeddable":true,"href":"https:\/\/foxcheats.com.br\/home\/wp-json\/wp\/v2\/media\/28358"}],"wp:attachment":[{"href":"https:\/\/foxcheats.com.br\/home\/wp-json\/wp\/v2\/media?parent=28354"}],"wp:term":[{"taxonomy":"product_brand","embeddable":true,"href":"https:\/\/foxcheats.com.br\/home\/wp-json\/wp\/v2\/product_brand?post=28354"},{"taxonomy":"product_cat","embeddable":true,"href":"https:\/\/foxcheats.com.br\/home\/wp-json\/wp\/v2\/product_cat?post=28354"},{"taxonomy":"product_tag","embeddable":true,"href":"https:\/\/foxcheats.com.br\/home\/wp-json\/wp\/v2\/product_tag?post=28354"}],"curies":[{"name":"wp","href":"https:\/\/api.w.org\/{rel}","templated":true}]}}