
{"id":27187,"date":"2025-08-31T12:02:09","date_gmt":"2025-08-31T15:02:09","guid":{"rendered":"https:\/\/foxcheats.com.br\/home\/?post_type=product&#038;p=27187"},"modified":"2026-04-17T14:22:42","modified_gmt":"2026-04-17T17:22:42","slug":"valorant-aimbot-color","status":"publish","type":"product","link":"https:\/\/foxcheats.com.br\/home\/product\/valorant-aimbot-color\/","title":{"rendered":"Valorant Color Aimbot"},"content":{"rendered":"\t\t<div data-elementor-type=\"wp-post\" data-elementor-id=\"27187\" class=\"elementor elementor-27187\">\n\t\t\t\t\t\t<section class=\"elementor-section elementor-top-section elementor-element elementor-element-ec46f24 elementor-section-boxed elementor-section-height-default elementor-section-height-default\" data-id=\"ec46f24\" data-element_type=\"section\" data-e-type=\"section\" data-settings=\"{&quot;wdt_bg_image&quot;:{&quot;url&quot;:&quot;&quot;,&quot;id&quot;:&quot;&quot;,&quot;size&quot;:&quot;&quot;},&quot;wdt_bg_image_laptop&quot;:{&quot;url&quot;:&quot;&quot;,&quot;id&quot;:&quot;&quot;,&quot;size&quot;:&quot;&quot;},&quot;wdt_bg_image_tablet_extra&quot;:{&quot;url&quot;:&quot;&quot;,&quot;id&quot;:&quot;&quot;,&quot;size&quot;:&quot;&quot;},&quot;wdt_bg_image_tablet&quot;:{&quot;url&quot;:&quot;&quot;,&quot;id&quot;:&quot;&quot;,&quot;size&quot;:&quot;&quot;},&quot;wdt_bg_image_mobile_extra&quot;:{&quot;url&quot;:&quot;&quot;,&quot;id&quot;:&quot;&quot;,&quot;size&quot;:&quot;&quot;},&quot;wdt_bg_image_mobile&quot;:{&quot;url&quot;:&quot;&quot;,&quot;id&quot;:&quot;&quot;,&quot;size&quot;:&quot;&quot;},&quot;wdt_bg_position&quot;:&quot;center center&quot;,&quot;wdt_animation_effect&quot;:&quot;none&quot;}\">\n\t\t\t\t\t\t<div class=\"elementor-container elementor-column-gap-no\">\n\t\t\t\t\t<div class=\"elementor-column elementor-col-50 elementor-top-column elementor-element elementor-element-b215d83\" data-id=\"b215d83\" data-element_type=\"column\" data-e-type=\"column\">\n\t\t\t<div class=\"elementor-widget-wrap elementor-element-populated\">\n\t\t\t\t\t\t<div class=\"elementor-element elementor-element-f1089e4 elementor-widget elementor-widget-wdt-shop-product-single-images-carousel\" data-id=\"f1089e4\" data-element_type=\"widget\" data-e-type=\"widget\" data-settings=\"{&quot;wdt_animation_effect&quot;:&quot;none&quot;}\" data-widget_type=\"wdt-shop-product-single-images-carousel.default\">\n\t\t\t\t<div class=\"elementor-widget-container\">\n\t\t\t\t\tPlease provide product id to display corresponding data!\t\t\t\t<\/div>\n\t\t\t\t<\/div>\n\t\t\t\t\t<\/div>\n\t\t<\/div>\n\t\t\t\t<div class=\"wdt-sticky-column elementor-column elementor-col-50 elementor-top-column elementor-element elementor-element-6b3cc59\" data-wdt-settings=\"{&quot;id&quot;:&quot;6b3cc59&quot;,&quot;sticky&quot;:true,&quot;topSpacing&quot;:50,&quot;bottomSpacing&quot;:50,&quot;stickyOn&quot;:[&quot;desktop&quot;,&quot;laptop&quot;,&quot;tablet_extra&quot;],&quot;overflowHidden&quot;:false}\" data-id=\"6b3cc59\" data-element_type=\"column\" data-e-type=\"column\">\n\t\t\t<div class=\"elementor-widget-wrap elementor-element-populated\">\n\t\t\t\t\t\t<div class=\"elementor-element elementor-element-3249257 elementor-widget__width-initial elementor-widget-laptop__width-inherit elementor-widget elementor-widget-wdt-shop-product-single-summary\" data-id=\"3249257\" data-element_type=\"widget\" data-e-type=\"widget\" data-settings=\"{&quot;wdt_animation_effect&quot;:&quot;none&quot;}\" data-widget_type=\"wdt-shop-product-single-summary.default\">\n\t\t\t\t<div class=\"elementor-widget-container\">\n\t\t\t\t\tPlease provide product id to display corresponding data!\t\t\t\t<\/div>\n\t\t\t\t<\/div>\n\t\t\t\t\t<\/div>\n\t\t<\/div>\n\t\t\t\t\t<\/div>\n\t\t<\/section>\n\t\t\t\t<section class=\"elementor-section elementor-top-section elementor-element elementor-element-75745c2 elementor-section-boxed elementor-section-height-default elementor-section-height-default\" data-id=\"75745c2\" data-element_type=\"section\" data-e-type=\"section\" data-settings=\"{&quot;wdt_bg_image&quot;:{&quot;url&quot;:&quot;&quot;,&quot;id&quot;:&quot;&quot;,&quot;size&quot;:&quot;&quot;},&quot;wdt_bg_image_laptop&quot;:{&quot;url&quot;:&quot;&quot;,&quot;id&quot;:&quot;&quot;,&quot;size&quot;:&quot;&quot;},&quot;wdt_bg_image_tablet_extra&quot;:{&quot;url&quot;:&quot;&quot;,&quot;id&quot;:&quot;&quot;,&quot;size&quot;:&quot;&quot;},&quot;wdt_bg_image_tablet&quot;:{&quot;url&quot;:&quot;&quot;,&quot;id&quot;:&quot;&quot;,&quot;size&quot;:&quot;&quot;},&quot;wdt_bg_image_mobile_extra&quot;:{&quot;url&quot;:&quot;&quot;,&quot;id&quot;:&quot;&quot;,&quot;size&quot;:&quot;&quot;},&quot;wdt_bg_image_mobile&quot;:{&quot;url&quot;:&quot;&quot;,&quot;id&quot;:&quot;&quot;,&quot;size&quot;:&quot;&quot;},&quot;wdt_bg_position&quot;:&quot;center center&quot;,&quot;wdt_animation_effect&quot;:&quot;none&quot;}\">\n\t\t\t\t\t\t<div class=\"elementor-container elementor-column-gap-no\">\n\t\t\t\t\t<div class=\"elementor-column elementor-col-100 elementor-top-column elementor-element elementor-element-70e2c97\" data-id=\"70e2c97\" data-element_type=\"column\" data-e-type=\"column\">\n\t\t\t<div class=\"elementor-widget-wrap elementor-element-populated\">\n\t\t\t\t\t\t<section class=\"elementor-section elementor-inner-section elementor-element elementor-element-872efb8 elementor-section-full_width elementor-section-height-default elementor-section-height-default\" data-id=\"872efb8\" data-element_type=\"section\" data-e-type=\"section\" data-settings=\"{&quot;background_background&quot;:&quot;classic&quot;,&quot;wdt_bg_image&quot;:{&quot;url&quot;:&quot;&quot;,&quot;id&quot;:&quot;&quot;,&quot;size&quot;:&quot;&quot;},&quot;wdt_bg_image_laptop&quot;:{&quot;url&quot;:&quot;&quot;,&quot;id&quot;:&quot;&quot;,&quot;size&quot;:&quot;&quot;},&quot;wdt_bg_image_tablet_extra&quot;:{&quot;url&quot;:&quot;&quot;,&quot;id&quot;:&quot;&quot;,&quot;size&quot;:&quot;&quot;},&quot;wdt_bg_image_tablet&quot;:{&quot;url&quot;:&quot;&quot;,&quot;id&quot;:&quot;&quot;,&quot;size&quot;:&quot;&quot;},&quot;wdt_bg_image_mobile_extra&quot;:{&quot;url&quot;:&quot;&quot;,&quot;id&quot;:&quot;&quot;,&quot;size&quot;:&quot;&quot;},&quot;wdt_bg_image_mobile&quot;:{&quot;url&quot;:&quot;&quot;,&quot;id&quot;:&quot;&quot;,&quot;size&quot;:&quot;&quot;},&quot;wdt_bg_position&quot;:&quot;center center&quot;,&quot;wdt_animation_effect&quot;:&quot;none&quot;}\">\n\t\t\t\t\t\t<div class=\"elementor-container elementor-column-gap-no\">\n\t\t\t\t\t<div class=\"elementor-column elementor-col-50 elementor-inner-column elementor-element elementor-element-6514b06\" data-id=\"6514b06\" data-element_type=\"column\" data-e-type=\"column\" data-settings=\"{&quot;background_background&quot;:&quot;classic&quot;}\">\n\t\t\t<div class=\"elementor-widget-wrap elementor-element-populated\">\n\t\t\t\t\t\t<div class=\"elementor-element elementor-element-939b519 elementor-widget__width-initial elementor-widget elementor-widget-wdt-shop-product-single-tabs-exploded\" data-id=\"939b519\" data-element_type=\"widget\" data-e-type=\"widget\" data-settings=\"{&quot;wdt_animation_effect&quot;:&quot;none&quot;}\" data-widget_type=\"wdt-shop-product-single-tabs-exploded.default\">\n\t\t\t\t<div class=\"elementor-widget-container\">\n\t\t\t\t\tPlease provide product id to display corresponding data!\t\t\t\t<\/div>\n\t\t\t\t<\/div>\n\t\t\t\t\t<\/div>\n\t\t<\/div>\n\t\t\t\t<div class=\"elementor-column elementor-col-50 elementor-inner-column elementor-element elementor-element-ba36903\" data-id=\"ba36903\" data-element_type=\"column\" data-e-type=\"column\" data-settings=\"{&quot;background_background&quot;:&quot;classic&quot;}\">\n\t\t\t<div class=\"elementor-widget-wrap elementor-element-populated\">\n\t\t\t\t\t\t<div class=\"elementor-element elementor-element-8e2f8f4 elementor-widget__width-initial elementor-widget elementor-widget-wdt-shop-product-single-additional-tabs-exploded\" data-id=\"8e2f8f4\" data-element_type=\"widget\" data-e-type=\"widget\" data-settings=\"{&quot;wdt_animation_effect&quot;:&quot;none&quot;}\" data-widget_type=\"wdt-shop-product-single-additional-tabs-exploded.default\">\n\t\t\t\t<div class=\"elementor-widget-container\">\n\t\t\t\t\tPlease provide product id to display corresponding data!\t\t\t\t<\/div>\n\t\t\t\t<\/div>\n\t\t\t\t\t<\/div>\n\t\t<\/div>\n\t\t\t\t\t<\/div>\n\t\t<\/section>\n\t\t\t\t\t<\/div>\n\t\t<\/div>\n\t\t\t\t\t<\/div>\n\t\t<\/section>\n\t\t\t\t<\/div>\n\t\t","protected":false},"excerpt":{"rendered":"<p><strong data-start=\"70\" data-end=\"131\">Eleve sua gameplay com o melhor Color AIM para Valorant!<\/strong><br data-start=\"131\" data-end=\"134\" \/><strong data-start=\"134\" data-end=\"301\">Totalmente externo e seguro, nosso software garante prote\u00e7\u00e3o para sua conta e desempenho de elite nas partidas. Compat\u00edvel com todas as vers\u00f5es do Windows 10 e 11. Al\u00e9m disso garante suporte para flags como HVCI.<\/strong><br data-start=\"301\" data-end=\"304\" data-is-only-node=\"\" \/><strong data-start=\"304\" data-end=\"347\">N\u00e3o perca tempo \u2014 domine o jogo agora!<\/strong><\/p>\n","protected":false},"featured_media":27191,"template":"","meta":[],"product_brand":[],"product_cat":[112],"product_tag":[101,113],"class_list":{"0":"post-27187","1":"product","2":"type-product","3":"status-publish","4":"has-post-thumbnail","6":"product_cat-valorant","7":"product_tag-aimbot","8":"product_tag-valorant","11":"outofstock","12":"shipping-taxable","13":"purchasable","14":"product-type-variable","15":"product-grid-view"},"yoast_head":"<!-- This site is optimized with the Yoast SEO plugin v27.4 - https:\/\/yoast.com\/product\/yoast-seo-wordpress\/ -->\n<title>Valorant Color Aimbot - FoxCheats<\/title>\n<meta name=\"description\" content=\"Valorant Color Aimbot Produto 100% Indetect\u00e1vel e totalmente externo. Al\u00e9m disso contamos uma entrega automatica dos produtos e rap\u00eddo suporte.\" \/>\n<meta name=\"robots\" content=\"index, follow, max-snippet:-1, max-image-preview:large, max-video-preview:-1\" \/>\n<link rel=\"canonical\" href=\"https:\/\/foxcheats.com.br\/home\/product\/valorant-aimbot-color\/\" \/>\n<meta property=\"og:locale\" content=\"pt_BR\" \/>\n<meta property=\"og:type\" content=\"article\" \/>\n<meta property=\"og:title\" content=\"Valorant Color Aimbot - FoxCheats\" \/>\n<meta property=\"og:description\" content=\"Valorant Color Aimbot Produto 100% Indetect\u00e1vel e totalmente externo. Al\u00e9m disso contamos uma entrega automatica dos produtos e rap\u00eddo suporte.\" \/>\n<meta property=\"og:url\" content=\"https:\/\/foxcheats.com.br\/home\/product\/valorant-aimbot-color\/\" \/>\n<meta property=\"og:site_name\" content=\"FoxCheats\" \/>\n<meta property=\"article:publisher\" content=\"https:\/\/www.facebook.com\/FoxCheats2022\" \/>\n<meta property=\"article:modified_time\" content=\"2026-04-17T17:22:42+00:00\" \/>\n<meta property=\"og:image\" content=\"https:\/\/foxcheats.com.br\/home\/wp-content\/uploads\/2025\/08\/Produto-1.png\" \/>\n\t<meta property=\"og:image:width\" content=\"500\" \/>\n\t<meta property=\"og:image:height\" content=\"600\" \/>\n\t<meta property=\"og:image:type\" content=\"image\/png\" \/>\n<meta name=\"twitter:card\" content=\"summary_large_image\" \/>\n<meta name=\"twitter:label1\" content=\"Est. tempo de leitura\" \/>\n\t<meta name=\"twitter:data1\" content=\"1 minuto\" \/>\n<script type=\"application\/ld+json\" class=\"yoast-schema-graph\">{\"@context\":\"https:\\\/\\\/schema.org\",\"@graph\":[{\"@type\":\"WebPage\",\"@id\":\"https:\\\/\\\/foxcheats.com.br\\\/home\\\/product\\\/valorant-aimbot-color\\\/\",\"url\":\"https:\\\/\\\/foxcheats.com.br\\\/home\\\/product\\\/valorant-aimbot-color\\\/\",\"name\":\"Valorant Color Aimbot - FoxCheats\",\"isPartOf\":{\"@id\":\"https:\\\/\\\/foxcheats.com.br\\\/home\\\/#website\"},\"primaryImageOfPage\":{\"@id\":\"https:\\\/\\\/foxcheats.com.br\\\/home\\\/product\\\/valorant-aimbot-color\\\/#primaryimage\"},\"image\":{\"@id\":\"https:\\\/\\\/foxcheats.com.br\\\/home\\\/product\\\/valorant-aimbot-color\\\/#primaryimage\"},\"thumbnailUrl\":\"https:\\\/\\\/foxcheats.com.br\\\/home\\\/wp-content\\\/uploads\\\/2025\\\/08\\\/Produto-1.png\",\"datePublished\":\"2025-08-31T15:02:09+00:00\",\"dateModified\":\"2026-04-17T17:22:42+00:00\",\"description\":\"Valorant Color Aimbot Produto 100% Indetect\u00e1vel e totalmente externo. Al\u00e9m disso contamos uma entrega automatica dos produtos e rap\u00eddo suporte.\",\"breadcrumb\":{\"@id\":\"https:\\\/\\\/foxcheats.com.br\\\/home\\\/product\\\/valorant-aimbot-color\\\/#breadcrumb\"},\"inLanguage\":\"pt-BR\",\"potentialAction\":[{\"@type\":\"ReadAction\",\"target\":[\"https:\\\/\\\/foxcheats.com.br\\\/home\\\/product\\\/valorant-aimbot-color\\\/\"]}]},{\"@type\":\"ImageObject\",\"inLanguage\":\"pt-BR\",\"@id\":\"https:\\\/\\\/foxcheats.com.br\\\/home\\\/product\\\/valorant-aimbot-color\\\/#primaryimage\",\"url\":\"https:\\\/\\\/foxcheats.com.br\\\/home\\\/wp-content\\\/uploads\\\/2025\\\/08\\\/Produto-1.png\",\"contentUrl\":\"https:\\\/\\\/foxcheats.com.br\\\/home\\\/wp-content\\\/uploads\\\/2025\\\/08\\\/Produto-1.png\",\"width\":500,\"height\":600},{\"@type\":\"BreadcrumbList\",\"@id\":\"https:\\\/\\\/foxcheats.com.br\\\/home\\\/product\\\/valorant-aimbot-color\\\/#breadcrumb\",\"itemListElement\":[{\"@type\":\"ListItem\",\"position\":1,\"name\":\"In\u00edcio\",\"item\":\"https:\\\/\\\/foxcheats.com.br\\\/home\\\/\"},{\"@type\":\"ListItem\",\"position\":2,\"name\":\"Loja\",\"item\":\"https:\\\/\\\/foxcheats.com.br\\\/home\\\/shop\\\/\"},{\"@type\":\"ListItem\",\"position\":3,\"name\":\"Valorant Color Aimbot\"}]},{\"@type\":\"WebSite\",\"@id\":\"https:\\\/\\\/foxcheats.com.br\\\/home\\\/#website\",\"url\":\"https:\\\/\\\/foxcheats.com.br\\\/home\\\/\",\"name\":\"FoxCheats\",\"description\":\"Os melhores conte\u00fados\",\"publisher\":{\"@id\":\"https:\\\/\\\/foxcheats.com.br\\\/home\\\/#organization\"},\"potentialAction\":[{\"@type\":\"SearchAction\",\"target\":{\"@type\":\"EntryPoint\",\"urlTemplate\":\"https:\\\/\\\/foxcheats.com.br\\\/home\\\/?s={search_term_string}\"},\"query-input\":{\"@type\":\"PropertyValueSpecification\",\"valueRequired\":true,\"valueName\":\"search_term_string\"}}],\"inLanguage\":\"pt-BR\"},{\"@type\":\"Organization\",\"@id\":\"https:\\\/\\\/foxcheats.com.br\\\/home\\\/#organization\",\"name\":\"FoxCheats\",\"url\":\"https:\\\/\\\/foxcheats.com.br\\\/home\\\/\",\"logo\":{\"@type\":\"ImageObject\",\"inLanguage\":\"pt-BR\",\"@id\":\"https:\\\/\\\/foxcheats.com.br\\\/home\\\/#\\\/schema\\\/logo\\\/image\\\/\",\"url\":\"https:\\\/\\\/foxcheats.com.br\\\/home\\\/wp-content\\\/uploads\\\/2024\\\/11\\\/teste-logo-2.png\",\"contentUrl\":\"https:\\\/\\\/foxcheats.com.br\\\/home\\\/wp-content\\\/uploads\\\/2024\\\/11\\\/teste-logo-2.png\",\"width\":800,\"height\":200,\"caption\":\"FoxCheats\"},\"image\":{\"@id\":\"https:\\\/\\\/foxcheats.com.br\\\/home\\\/#\\\/schema\\\/logo\\\/image\\\/\"},\"sameAs\":[\"https:\\\/\\\/www.facebook.com\\\/FoxCheats2022\",\"https:\\\/\\\/instagram.com\\\/foxcheetos\"]}]}<\/script>\n<!-- \/ Yoast SEO plugin. -->","yoast_head_json":{"title":"Valorant Color Aimbot - FoxCheats","description":"Valorant Color Aimbot Produto 100% Indetect\u00e1vel e totalmente externo. Al\u00e9m disso contamos uma entrega automatica dos produtos e rap\u00eddo suporte.","robots":{"index":"index","follow":"follow","max-snippet":"max-snippet:-1","max-image-preview":"max-image-preview:large","max-video-preview":"max-video-preview:-1"},"canonical":"https:\/\/foxcheats.com.br\/home\/product\/valorant-aimbot-color\/","og_locale":"pt_BR","og_type":"article","og_title":"Valorant Color Aimbot - FoxCheats","og_description":"Valorant Color Aimbot Produto 100% Indetect\u00e1vel e totalmente externo. Al\u00e9m disso contamos uma entrega automatica dos produtos e rap\u00eddo suporte.","og_url":"https:\/\/foxcheats.com.br\/home\/product\/valorant-aimbot-color\/","og_site_name":"FoxCheats","article_publisher":"https:\/\/www.facebook.com\/FoxCheats2022","article_modified_time":"2026-04-17T17:22:42+00:00","og_image":[{"width":500,"height":600,"url":"https:\/\/foxcheats.com.br\/home\/wp-content\/uploads\/2025\/08\/Produto-1.png","type":"image\/png"}],"twitter_card":"summary_large_image","twitter_misc":{"Est. tempo de leitura":"1 minuto"},"schema":{"@context":"https:\/\/schema.org","@graph":[{"@type":"WebPage","@id":"https:\/\/foxcheats.com.br\/home\/product\/valorant-aimbot-color\/","url":"https:\/\/foxcheats.com.br\/home\/product\/valorant-aimbot-color\/","name":"Valorant Color Aimbot - FoxCheats","isPartOf":{"@id":"https:\/\/foxcheats.com.br\/home\/#website"},"primaryImageOfPage":{"@id":"https:\/\/foxcheats.com.br\/home\/product\/valorant-aimbot-color\/#primaryimage"},"image":{"@id":"https:\/\/foxcheats.com.br\/home\/product\/valorant-aimbot-color\/#primaryimage"},"thumbnailUrl":"https:\/\/foxcheats.com.br\/home\/wp-content\/uploads\/2025\/08\/Produto-1.png","datePublished":"2025-08-31T15:02:09+00:00","dateModified":"2026-04-17T17:22:42+00:00","description":"Valorant Color Aimbot Produto 100% Indetect\u00e1vel e totalmente externo. Al\u00e9m disso contamos uma entrega automatica dos produtos e rap\u00eddo suporte.","breadcrumb":{"@id":"https:\/\/foxcheats.com.br\/home\/product\/valorant-aimbot-color\/#breadcrumb"},"inLanguage":"pt-BR","potentialAction":[{"@type":"ReadAction","target":["https:\/\/foxcheats.com.br\/home\/product\/valorant-aimbot-color\/"]}]},{"@type":"ImageObject","inLanguage":"pt-BR","@id":"https:\/\/foxcheats.com.br\/home\/product\/valorant-aimbot-color\/#primaryimage","url":"https:\/\/foxcheats.com.br\/home\/wp-content\/uploads\/2025\/08\/Produto-1.png","contentUrl":"https:\/\/foxcheats.com.br\/home\/wp-content\/uploads\/2025\/08\/Produto-1.png","width":500,"height":600},{"@type":"BreadcrumbList","@id":"https:\/\/foxcheats.com.br\/home\/product\/valorant-aimbot-color\/#breadcrumb","itemListElement":[{"@type":"ListItem","position":1,"name":"In\u00edcio","item":"https:\/\/foxcheats.com.br\/home\/"},{"@type":"ListItem","position":2,"name":"Loja","item":"https:\/\/foxcheats.com.br\/home\/shop\/"},{"@type":"ListItem","position":3,"name":"Valorant Color Aimbot"}]},{"@type":"WebSite","@id":"https:\/\/foxcheats.com.br\/home\/#website","url":"https:\/\/foxcheats.com.br\/home\/","name":"FoxCheats","description":"Os melhores conte\u00fados","publisher":{"@id":"https:\/\/foxcheats.com.br\/home\/#organization"},"potentialAction":[{"@type":"SearchAction","target":{"@type":"EntryPoint","urlTemplate":"https:\/\/foxcheats.com.br\/home\/?s={search_term_string}"},"query-input":{"@type":"PropertyValueSpecification","valueRequired":true,"valueName":"search_term_string"}}],"inLanguage":"pt-BR"},{"@type":"Organization","@id":"https:\/\/foxcheats.com.br\/home\/#organization","name":"FoxCheats","url":"https:\/\/foxcheats.com.br\/home\/","logo":{"@type":"ImageObject","inLanguage":"pt-BR","@id":"https:\/\/foxcheats.com.br\/home\/#\/schema\/logo\/image\/","url":"https:\/\/foxcheats.com.br\/home\/wp-content\/uploads\/2024\/11\/teste-logo-2.png","contentUrl":"https:\/\/foxcheats.com.br\/home\/wp-content\/uploads\/2024\/11\/teste-logo-2.png","width":800,"height":200,"caption":"FoxCheats"},"image":{"@id":"https:\/\/foxcheats.com.br\/home\/#\/schema\/logo\/image\/"},"sameAs":["https:\/\/www.facebook.com\/FoxCheats2022","https:\/\/instagram.com\/foxcheetos"]}]}},"_links":{"self":[{"href":"https:\/\/foxcheats.com.br\/home\/wp-json\/wp\/v2\/product\/27187","targetHints":{"allow":["GET"]}}],"collection":[{"href":"https:\/\/foxcheats.com.br\/home\/wp-json\/wp\/v2\/product"}],"about":[{"href":"https:\/\/foxcheats.com.br\/home\/wp-json\/wp\/v2\/types\/product"}],"version-history":[{"count":2,"href":"https:\/\/foxcheats.com.br\/home\/wp-json\/wp\/v2\/product\/27187\/revisions"}],"predecessor-version":[{"id":27193,"href":"https:\/\/foxcheats.com.br\/home\/wp-json\/wp\/v2\/product\/27187\/revisions\/27193"}],"wp:featuredmedia":[{"embeddable":true,"href":"https:\/\/foxcheats.com.br\/home\/wp-json\/wp\/v2\/media\/27191"}],"wp:attachment":[{"href":"https:\/\/foxcheats.com.br\/home\/wp-json\/wp\/v2\/media?parent=27187"}],"wp:term":[{"taxonomy":"product_brand","embeddable":true,"href":"https:\/\/foxcheats.com.br\/home\/wp-json\/wp\/v2\/product_brand?post=27187"},{"taxonomy":"product_cat","embeddable":true,"href":"https:\/\/foxcheats.com.br\/home\/wp-json\/wp\/v2\/product_cat?post=27187"},{"taxonomy":"product_tag","embeddable":true,"href":"https:\/\/foxcheats.com.br\/home\/wp-json\/wp\/v2\/product_tag?post=27187"}],"curies":[{"name":"wp","href":"https:\/\/api.w.org\/{rel}","templated":true}]}}